emainder when 273 is divided by 46?
43
What is the remainder when 700 is divided by 32?
28
What is the remainder when 1116 is divided by 70?
66
Calculate the remainder when 160 is divided by 41.
37
What is the remainder when 2924 is divided by 39?
38
What is the remainder when 97 is divided by 15?
7
What is the remainder when 2197 is divided by 71?
67
What is the remainder when 239 is divided by 24?
23
What is the remainder when 20 is divided by 10?
0
What is the remainder when 536 is divided by 30?
26
Calculate the remainder when 164 is divided by 33.
32
What is the remainder when 102 is divided by 3?
0
What is the remainder when 85 is divided by 55?
30
Calculate the remainder when 764 is divided by 243.
35
Calculate the remainder when 216 is divided by 105.
6
Calculate the remainder when 2493 is divided by 26.
23
What is the remainder when 16540 is divided by 71?
68
What is the remainder when 11 is divided by 5?
1
What is the remainder when 137 is divided by 72?
65
Calculate the remainder when 80 is divided by 29.
22
What is the remainder when 73 is divided by 19?
16
What is the remainder when 512 is divided by 75?
62
Calculate the remainder when 1536 is divided by 28.
24
What is the remainder when 6749 is divided by 43?
41
What is the remainder when 51 is divided by 16?
3
What is the remainder when 1455 is divided by 18?
15
Calculate the remainder when 45 is divided by 3.
0
Calculate the remainder when 571 is divided by 13.
12
Calculate the remainder when 2143 is divided by 8.
7
What is the remainder when 76 is divided by 26?
24
What is the remainder when 75 is divided by 20?
15
Calculate the remainder when 400 is divided by 91.
36
What is the remainder when 632 is divided by 159?
155
Calculate the remainder when 211 is divided by 36.
31
Calculate the remainder when 2383 is divided by 53.
51
What is the remainder when 91 is divided by 9?
1
Calculate the remainder when 503 is divided by 39.
35
What is the remainder when 15 is divided by 7?
1
Calculate the remainder when 7 is divided by 3.
1
What is the remainder when 348 is divided by 11?
7
Calculate the remainder when 5307 is divided by 2653.
1
What is the remainder when 851 is divided by 11?
4
Calculate the remainder when 400 is divided by 28.
8
What is the remainder when 1270 is divided by 26?
22
What is the remainder when 234 is divided by 72?
18
Calculate the remainder when 363 is divided by 116.
15
Calculate the remainder when 289 is divided by 74.
67
What is the remainder when 2044 is divided by 2038?
6
Calculate the remainder when 208 is divided by 9.
1
Calculate the remainder when 3782 is divided by 49.
9
Calculate the remainder when 1282 is divided by 419.
25
What is the remainder when 170 is divided by 59?
52
What is the remainder when 168 is divided by 45?
33
What is the remainder when 1516 is divided by 11?
9
What is the remainder when 45 is divided by 40?
5
Calculate the remainder when 736 is divided by 189.
169
Calculate the remainder when 277 is divided by 57.
49
What is the remainder when 190 is divided by 101?
89
Calculate the remainder when 65 is divided by 58.
7
What is the remainder when 53550 is divided by 16?
14
What is the remainder when 14524 is divided by 54?
52
Calculate the remainder when 776 is divided by 20.
16
Calculate the remainder when 2430 is divided by 143.
142
Calculate the remainder when 889 is divided by 89.
88
What is the remainder when 1182 is divided by 63?
48
What is the remainder when 20 is divided by 14?
6
What is the remainder when 123 is divided by 40?
3
Calculate the remainder when 134 is divided by 49.
36
What is the remainder when 104 is divided by 28?
20
What is the remainder when 8364 is divided by 79?
69
Calculate the remainder when 201 is divided by 59.
24
What is the remainder when 68 is divided by 2?
0
Calculate the remainder when 3470 is divided by 193.
189
Calculate the remainder when 499 is divided by 56.
51
Calculate the remainder when 182 is divided by 133.
49
Calculate the remainder when 2903 is divided by 482.
11
Calculate the remainder when 1596 is divided by 80.
76
Calculate the remainder when 5267 is divided by 62.
59
Calculate the remainder when 229 is divided by 46.
45
Calculate the remainder when 443 is divided by 325.
118
What is the remainder when 264 is divided by 53?
52
Calculate the remainder when 108 is divided by 23.
16
What is the remainder when 105 is divided by 34?
3
Calculate the remainder when 3947 is divided by 1313.
8
Calculate the remainder when 81 is divided by 78.
3
Calculate the remainder when 110 is divided by 6.
2
Calculate the remainder when 73 is divided by 31.
11
Calculate the remainder when 1827 is divided by 135.
72
Calculate the remainder when 1275 is divided by 422.
9
What is the remainder when 884 is divided by 90?
74
What is the remainder when 328 is divided by 147?
34
What is the remainder when 862 is divided by 404?
54
Calculate the remainder when 21726 is divided by 32.
30
What is the remainder when 1597 is divided by 16?
13
Calculate the remainder when 200 is divided by 140.
60
What is the remainder when 1239 is divided by 216?
159
Calculate the remainder when 598 is divided by 100.
98
Calculate the remainder when 1909 is divided by 198.
127
Calculate the remainder when 1020 is divided by 32.
28
What is the remainder when 101 is divided by 59?
42
What is the remainder when 497 is divided by 129?
110
What is the remainder when 167 is divided by 161?
6
What is the remainder when 137 is divided by 24?
17
Calculate the remainder when 217274 is divided by 17.
14
What is the remainder when 8140 is divided by 33?
22
Calculate the remainder when 8266 is divided by 13.
11
What is the remainder when 1445 is divided by 104?
93
Calculate the remainder when 957 is divided by 136.
5
Calculate the remainder when 932 is divided by 2.
0
What is the remainder when 21908 is divided by 12?
8
What is the remainder when 210 is divided by 44?
34
Calculate the remainder when 517 is divided by 26.
23
Calculate the remainder when 123 is divided by 19.
9
Calculate the remainder when 353 is divided by 102.
47
What is the remainder when 626 is divided by 112?
66
What is the remainder when 782 is divided by 131?
127
What is the remainder when 10 is divided by 9?
1
What is the remainder when 182 is divided by 20?
2
Calculate the remainder when 267 is divided by 18.
15
What is the remainder when 2702 is divided by 159?
158
Calculate the remainder when 203 is divided by 17.
16
Calculate the remainder when 1680 is divided by 113.
98
What is the remainder when 143 is divided by 6?
5
Calculate the remainder when 684 is divided by 168.
12
What is the remainder when 962 is divided by 88?
82
Calculate the remainder when 285 is divided by 74.
63
Calculate the remainder when 695 is divided by 12.
11
Calculate the remainder when 212 is divided by 67.
11
What is the remainder when 118 is divided by 15?
13
Calculate the remainder when 177 is divided by 159.
18
What is the remainder when 30782 is divided by 26?
24
Calculate the remainder when 1448 is divided by 161.
160
Calculate the remainder when 543 is divided by 114.
87
What is the remainder when 1349 is divided by 150?
149
Calculate the remainder when 391 is divided by 123.
22
What is the remainder when 61 is divided by 9?
7
Calculate the remainder when 3118 is divided by 15.
13
What is the remainder when 2676 is divided by 47?
44
What is the remainder when 3633 is divided by 455?
448
What is the remainder when 1150 is divided by 18?
16
What is the remainder when 6501 is divided by 812?
5
What is the remainder when 1596 is divided by 123?
120
Calculate the remainder when 280 is divided by 137.
6
What is the remainder when 99 is divided by 71?
28
What is the remainder when 264 is divided by 100?
64
Calculate the remainder when 12197 is divided by 100.
97
What is the remainder when 121 is divided by 21?
16
What is the remainder when 159 is divided by 23?
21
What is the remainder when 352 is divided by 6?
4
What is the remainder when 324 is divided by 33?
27
Calculate the remainder when 672 is divided by 62.
52
What is the remainder when 254 is divided by 64?
62
What is the remainder when 13272 is divided by 225?
222
What is the remainder when 520 is divided by 58?
56
What is th